 - 2543. Determine s(-6).
-29
Let g(n) = n**2 + 62*n + 641. What is g(-39)?
-256
Let z(p) = 16*p**2 - 288*p + 70. Calculate z(18).
70
Let k(t) = -2*t**3 - 148*t**2 + 2*t + 160. Give k(-74).
12
Let r(m) = -2*m**3 - 39*m**2 - 42*m + 699. Determine r(-6).
-21
Let r(l) = -l**3 + 27*l**2 - 401*l + 13331. Give r(29).
20
Let n(d) = -30*d**2 - 243*d + 8. What is n(-8)?
32
Let n(b) = 56*b + 4146. Give n(-74).
2
Let x(t) = 11*t**2 - 9367*t + 9368. Determine x(1).
12
Let r(v) = -2*v**2 + 12*v + 4. Give r(12).
-140
Let i(w) = -2*w**3 + 9*w**2 - 13*w + 100. Determine i(5).
10
Let t(h) = -83*h - 1209. What is t(0)?
-1209
Let s(m) = 13*m - 300. Give s(27).
51
Let n(p) = -p**2 + 111*p - 836. What is n(8)?
-12
Let r(p) = -7*p**2 + 8*p + 19. Determine r(-3).
-68
Let z(t) = t**3 + 75*t**2 + 147*t + 38. Give z(-73).
-35
Let g(s) = 10*s - 409. Calculate g(48).
71
Let z(k) = 3*k**3 + 121*k**2 + 50*k + 396. Give z(-40).
-4
Let i(m) = -4*m**3 + 2*m**2 + 39*m - 79. Determine i(2).
-25
Let j(g) = 445*g**2 - 3117*g + 15. What is j(7)?
1
Let o(p) = -14*p + 37. Determine o(-6).
121
Let c(z) = z**2 - 24*z + 175. Determine c(15).
40
Let v(b) = b**3 + 12*b**2 + 10*b - 43. Calculate v(-10).
57
Let k(y) = -854*y + 6835. Calculate k(8).
3
Let j(q) = -q**2 - 14*q + 448. Calculate j(18).
-128
Let r(y) = 2*y**2 + 407*y + 1219. Determine r(-3).
16
Let k(f) = -26*f - 1668. Calculate k(-64).
-4
Let x(u) = 125*u + 3266. Give x(-26).
16
Let r(h) = -h**3 - 8*h**2 - 3889*h - 23261. Give r(-6).
1
Let y(j) = -j**3 + 13. Give y(4).
-51
Let h(t) = t**2 + 1568*t + 4693. Give h(-3).
-2
Let g(u) = -u**3 + 39*u**2 - 82*u + 262. Calculate g(37).
-34
Let t(g) = g**3 + 3*g**2 + 7*g - 7. What is t(-3)?
-28
Let o(h) = 2*h**3 - 121*h**2 + 888*h - 176. Calculate o(52).
32
Let l(u) = -19*u**2 - 26*u + 35. Determine l(1).
-10
Let w(u) = u**3 - 5*u**2 + 174*u - 1037. Give w(6).
43
Let h(p) = 2*p**2 - 60*p - 1144. Calculate h(-17).
454
Let x(c) = 206*c + 12358. What is x(-60)?
-2
Let x(g) = 5*g**2 - 257*g + 3280. Give x(28).
4
Let i(z) = z**3 - 2*z**2 + 506*z - 2060. Give i(4).
-4
Let x(k) = 7*k**2 + 36*k + 365. Determine x(-11).
816
Let u(m) = m**3 - 13*m**2 - m + 305. Determine u(10).
-5
Let m(x) = -x**2 + 17*x - 71. What is m(10)?
-1
Let q(m) = -4*m**2 + 151*m + 528. What is q(41)?
-5
Let f(i) = -3*i**2 + 3*i. Give f(2).
-6
Let k(x) = x**3 + 9*x**2 - 22*x - 27. What is k(-10)?
93
Let m(a) = a**2 - 82*a - 163. Determine m(-2).
5
Let l(g) = 5475*g + 328492. What is l(-60)?
-8
Let i(a) = 21*a + 48. Determine i(-7).
-99
Let r(t) = -7*t**3 + 139*t**2 + 19*t + 29. Calculate r(20).
9
Let a(x) = -x**3 + 10*x**2 - 9*x - 101. Calculate a(-4).
159
Let k(z) = z**2 - 734*z + 5104. Give k(7).
15
Let g(x) = 4*x**3 + 24*x**2 + 9*x + 5. Determine g(-6).
-49
Let w(t) = 35*t**3 - t**2 - 2*t. Determine w(-1).
-34
Let m(y) = -2*y**2 - 5*y + 33. Give m(-7).
-30
Let z(h) = -9*h**2 + 52*h - 2. Calculate z(9).
-263
Let h(p) = 2*p**2 - 37*p + 128. What is h(12)?
-28
Let g(b) = b**3 + 4*b**2 - 315*b - 1251. Give g(-4).
9
Let v(d) = d**3 - 9*d**2 + 2319*d - 16146. What is v(7)?
-11
Let r(a) = -45*a**2 - 277*a - 18. What is r(-6)?
24
Let k(v) = -v**3 - 9*v**2 - 14*v - 35. Determine k(-8).
13
Let f(i) = 100*i - 166. What is f(3)?
134
Let c(m) = -149*m - 613. Calculate c(-5).
132
Let x(a) = a**2 + 19*a - 469. Determine x(14).
-7
Let k(s) = -7*s**2 + 576*s + 436. Calculate k(83).
21
Let j(b) = 77*b + 4222. What is j(-55)?
-13
Let m(t) = -t**2 + 5*t + 191. What is m(17)?
-13
Let q(a) = -24082*a + 48167. Determine q(2).
3
Let k(y) = 2*y**3 + 5*y**2 + 29*y + 138. What is k(-4)?
-26
Let s(m) = -m**2 - 5*m + 42. Determine s(8).
-62
Let w(f) = -496*f - 2476. What is w(-5)?
4
Let r(y) = -4*y**2 - 146*y - 1072. What is r(-12)?
104
Let n(f) = -f - 109. Give n(-83).
-26
Let o(q) = 31*q - 102. Give o(-9).
-381
Let p(t) = t**2 + 18*t + 69. Give p(-10).
-11
Let i(w) = -2*w**3 - 88*w**2 + 3080*w + 41. Determine i(23).
-5
Let k(p) = 16*p - 8. Give k(2).
24
Let p(u) = -953*u - 27635. Calculate p(-29).
2
Let d(o) = -899*o - 905. Determine d(-1).
-6
Let d(m) = -m**3 - 14*m**2 + m + 76. What is d(-8)?
-316
Let j(g) = -g**2 - 26*g + 129. Determine j(4).
9
Let t(m) = -m**3 - 37*m**2 + 68*m + 212. Determine t(-39).
602
Let a(b) = 49*b + 467. Calculate a(-10).
-23
Let g(n) = 3*n**2 - 87*n + 172. What is g(27)?
10
Let p(m) = 544*m + 1494. Determine p(-3).
-138
Let s(c) = c**2 + 108*c + 618. What is s(-6)?
6
Let s(c) = -139*c**3 - 5*c - 4. What is s(-1)?
140
Let l(a) = -a**3 - 2*a**2 + 11*a + 16. What is l(0)?
16
Let x(i) = 4*i**2 - 75*i - 4. What is x(15)?
-229
Let n(p) = -59*p - 205. Calculate n(-3).
-28
Let d(m) = 671*m - 14750. What is d(22)?
12
Let u(m) = m**3 - 33*m**2 + 141*m - 11. Determine u(28).
17
Let c(j) = -132*j - 661. What is c(-5)?
-1
Let g(q) = q**3 + 14*q**2 - 115*q + 106. What is g(-20)?
6
Let z(u) = 5*u**3 + 3*u**2 - 14*u - 39. What is z(-3)?
-105
Let h(p) = 6*p**3 + 88*p**2 - 87*p - 1. Calculate h(1).
6
Let z(k) = -2*k**3 - 248*k**2 + 255*k + 643. Give z(-125).
18
Let i(a) = -52*a - 193. Calculate i(-5).
67
Let v(d) = 9*d + 16. Calculate v(-12).
-92
Let t(u) = 64*u**2 - 4*u - 5. What is t(3)?
559
Let w(l) = 185*l**2 - 65*l + 128. What is w(2)?
738
Let d(f) = -28*f - 1330. Determine d(-47).
-14
Let u(i) = -2*i**3 - 64*i**2 + 3. What is u(-32)?
3
Let b(m) = -m**3 + 7*m**2 + 16. Determine b(8).
-48
Let n(l) = 63*l**3 + l**2 + 9*l + 12. Give n(-2).
-506
Let h(k) = -k**3 + 4*k**2 + 32*k - 132. Determine h(4).
-4
Let i(x) = -x**3 - 25*x**2 + 111*x + 789. What is i(-28)?
33
Let b(g) = -g**2 - 239*g - 936. Calculate b(-4).
4
Let t(p) = -14*p + 83. What is t(-8)?
195
Let g(l) = 519*l - 23889. Determine g(46).
-15
Let y(h) = -295*h + 33930. Give y(115).
5
Let j(z) = 141*z + 1179. Determine j(-8).
51
Let g(y) = -7478*y - 22405. What is g(-3)?
29
Let l(s) = -60*s + 249. What is l(4)?
9
Let g(s) = 441*s - 43. Give g(1).
398
Let q(x) = -334*x - 9335. What is q(-28)?
17
Let h(x) = 2*x**2 - 707*x + 46212. Calculate h(267).
21
Let m(b) = -8*b + 207. Give m(14).
95
Let a(c) = -9*c + 102. Give a(8).
30
Let r(u) = 181*u + 1020. Determine r(-6).
-66
Let y(p) = -10*p - 77. Determine y(-8).
3
Let z(u) = u**3 - 4*u**2 - 5*u + 3. Calculate z(0).
3
Let g(q) = q**3 + 57*q**2 + 93*q - 925. Give g(-55).
10
Let h(t) = -230*t**2 + 38*t + 35. Give h(-1).
-233
Let x(l) = l**3 + 44*l**2 - 58*l - 547. Determine x(-45).
38
Let i(s) = -s**3 + 7*s**2 - 6*s + 1. Give i(1).
1
Let m(x) = 42*x - 68. Calculate m(5).
142
Let f(m) = -2*m**3 - 3*m**2 + 12*m - 125. What is f(-5)?
-10
Let t(v) = 718*v + 7816. Calculate t(-11).
-82
Let g(m) = m**2 + 31*m - 221. Give g(-37).
1
Let y(d) = 567*d - 2277. Determine y(4).
-9
Let l(o) = -2*o**2 - 7*o + 9. Give l(2).
-13
Let i(v) = -v**2 + 80*v + 5121. Calculate i(122).
-3
Let s(n) = -n**3 + 12*n**2 + 34*n - 8. Give s(-3).
25
Let z(y) = -17*y + 395. What is z(11)?
208
Let t(f) = -f**2 + 15*f + 169. Calculate t(-13).
-195
Let m(s) = s**3 - 194*s**2 + 2689*s - 724. What is m(179)?
-8
Let k(f) = f**3 + 24*f**2 - 433*f + 8. Determine k(12).
-4
Let m(h) = 11*h + 133. Give m(9).
232
Let p(c) = 659*c + 4604. Determine p(-7).
-9
Let f(m) = -2*m**2 - 48*m - 245. Calculate f(-15).
25
Let y(m) = 93*m + 103. What is y(-1)?
10
Let o(v) = -54*v - 2233. Determine o(-41).
-19
Let h(w) = -w**2 + 22*w + 96. What is h(-4)?
-8
Let j(f) = 522*f - 55. Determine j(-2).
-1099
Let o(v) = 53*v - 450. Calculate o(14).
292
Let d(o) = -3*o**2 + 160*o + 114. Calculate d(54).
6
Let y(v) = -86*v**3 - 254*v**2 + 8*v - 14. Determine y(-3).
-2
Let t(i) = -i**3 - 5*i**2 + 340. Determine t(0).
340
Let n(z) = -z**2 - 13*z - 54. Give n(-10).
-24
Let z(k) = -767*k - 48344. Give z(-63).
-23
Let t(b) = 59*b + 3421. Calculate t(-58).
-1
Let n(w) = -274*w - 4375. Give n(-16).
9
Let a(u) = -179*u**2 + 3407*u - 110. Give a(19).
4
Let k(x) = -45*x - 983. Give k(-20).
-83
Let m(b) = b**3 - 14*b**2 + 22*b - 5. Give m(5).
-120
Let j(v) = 2*v**3 + 293*v**2 + 1001*v - 63. Calculate j(-143).
-63
Let k(h) = 10*h**2 - 69*h + 93. What is k(4)?
-23
Let a(k) = 8*k**2 + 549*k - 201. Give a(-69).
6
Let q(h) = 12*h**2 + 116*h - 172. Calculate q(-11).
4
Let v(q) = -q**3 + 7*q**2 - 19*q. Give v(9).
-333
Let l(g) = 534*g + 8109. What is l(-15)?
99
Let p(j) = -258*j + 14448. Determine p(56).
0
Let m(p) 